 - x. Suppose p - i = 13. Calculate the remainder when 36 is divided by p.
17
Let q = 47 + -7. Suppose 3*j - q = -2*j. Calculate the remainder when 14 is divided by j.
6
Suppose 3*b = b. Suppose -4*t = -b*t - 20. Suppose t = j + 3*z - 1, -3*j + 3*z = -6. Calculate the remainder when 8 is divided by j.
2
Let b = 2 - -8. Let m(v) = 4*v**2 + 7*v + 0 - 4*v**3 - 4 + 2*v**3 + v**3. What is the remainder when b is divided by m(5)?
4
Let m(k) = -2*k**3 - 2*k**2 + 4*k - 1. Suppose 2*d + 7 = 1. What is the remainder when 66 is divided by m(d)?
20
Let k(z) = -64*z - 2. Let l be k(-3). Let c = 297 - l. Suppose 3*w - 25 = c. What is the remainder when w is divided by 15?
14
Suppose -k + 21 = 3*s, -s + 6 = s - 2*k. Calculate the remainder when 19 is divided by -2*(0 + (-33)/s).
8
Let a = 9 - 2. Suppose a*x + 45 = 2*x. What is the remainder when 5 is divided by (0 - -5)*x/(-15)?
2
Suppose 3*f - 11 - 1 = 0. What is the remainder when f is divided by 4?
0
Let r(u) = -u + 1. Let x(t) = -t**2 - 6. Let g be x(0). Let a = 19 - g. Calculate the remainder when a is divided by r(-8).
7
Let m = -54 - -60. What is the remainder when 23 is divided by m?
5
Calculate the remainder when 0/(-6 - -3) - -47 is divided by 16.
15
Suppose -f = -0*f - 48. Let g = 68 + -51. Calculate the remainder when f is divided by g.
14
Suppose 3*h + 40 = 8*h. Let r(y) = y + 7. What is the remainder when r(h) is divided by 9?
6
Suppose y + 7 - 3 = 0. What is the remainder when 25 is divided by (9/(-6))/(y/24)?
7
Let s(r) = -r + 41. What is the remainder when 34 is divided by s(26)?
4
Let v(y) = -10*y + 3. Let u be (2/4)/(2/(-16)). Suppose 5*b - 4*o - 75 = 0, 6*b + o - 75 = b. Calculate the remainder when v(u) is divided by b.
13
Let m = -5 + 11. Calculate the remainder when (-2)/(-12) + 41/m is divided by 4.
3
Let i(s) = s**2 - s - 2. Let m be i(0). Let b(y) = -y**3 - 2*y**2 + 5*y - 3. What is the remainder when 0 + 18 + m + 0 is divided by b(-4)?
7
Suppose 0 = k + 2*k - 27. Let g be (-1 - (-2)/(-1)) + 2. Let h(z) = -17*z**3 - z**2 - 2*z - 1. Calculate the remainder when h(g) is divided by k.
8
Let f(d) = 3*d - 16. Calculate the remainder when f(20) is divided by 16.
12
Let u be 1*(4 + -3)*-1. Let f be -37*(1/u)/1. Let o = -10 + f. Calculate the remainder when o is divided by 7.
6
Let j(z) = 7*z + 3. Let p = 8 + -5. Let c = 7 - p. What is the remainder when j(c) is divided by 16?
15
Let c = -7 - -2. Let d = -2 - c. Suppose -d*j = 5*q - 26, 0 = -q + 2*q + 2. What is the remainder when 33 is divided by j?
9
Calculate the remainder when 20/(-5)*(3 + (-63)/4) is divided by 11.
7
Suppose 3*k = 4*s + 270, 5*s - 251 = -4*k + 78. Calculate the remainder when k is divided by 29.
28
What is the remainder when (2 - 3)/(2/(-10)) is divided by (3/4)/((-1)/(-4))?
2
Let b = 33 + -22. Suppose q + 14 = 3*u, -4*u + q + b = -2*u. Calculate the remainder when 5 is divided by u.
2
Suppose 3*p + 3 = 6*p. What is the remainder when 41 is divided by (-145)/(-10) - p/2?
13
Suppose 0 = j + 3*j - 48. What is the remainder when j is divided by 33/22 + (-28)/(-8)?
2
Suppose 0*n = -3*n. Suppose n*k = -k + 6. Suppose -5*g = -2*g - 33. What is the remainder when g is divided by k?
5
What is the remainder when 52 is divided by 16/(-6)*210/(-40)?
10
Suppose 5*z = 2*b - 4*b + 17, 28 = 4*z - 2*b. Let t(s) = 7*s - 5. Let v(u) = 4*u. What is the remainder when t(z) is divided by v(4)?
14
Suppose j = 3*o + 8, -4*j = j + 3*o - 130. Suppose -4*c = -7 - 25. Calculate the remainder when j is divided by c.
7
Suppose d + 3*d - 28 = 0. Suppose -d*z + 60 = -z. What is the remainder when z is divided by 7?
3
Let j(a) = -4*a + 2. Let w be j(4). Let k = 1 - w. Suppose -5*o + o = 3*f - 188, -o + 36 = -2*f. What is the remainder when o is divided by k?
14
Let b(t) = -8*t + 14. Calculate the remainder when b(-13) is divided by 15.
13
Suppose -51 = -4*x + 29. Calculate the remainder when x is divided by 7.
6
Suppose 0 = w - k - 5, 3*w - 34 - 6 = -2*k. What is the remainder when 58 is divided by w?
8
Let c = -12 - -12. Suppose c*o + 3*o = 87. What is the remainder when o is divided by 15?
14
Let h(z) = -5*z - 1. Let p be h(-1). Suppose 0 = -b + 9 + p. What is the remainder when 38 is divided by b?
12
Let h = 15 + -9. Suppose -4*m - h = -66. Suppose k - 134 - 3 = -5*f, -4*f - 4*k + 100 = 0. What is the remainder when f is divided by m?
13
What is the remainder when 0 + (-3)/9 - (-786)/9 is divided by 18?
15
Calculate the remainder when ((-42)/5)/((-3)/15) is divided by 11.
9
Let a be (2 + 21/(-15))*5. Let j(w) = w**3 + 2*w**2 - 4*w + 3. Calculate the remainder when j(a) is divided by 13.
10
Let j(w) = w**2. Let g(y) = -5*y**2 - 2*y + 1. Let c(a) = -g(a) + 2*j(a). What is the remainder when -1 + 1 + 1*67 is divided by c(-2)?
21
Suppose -5*g - 13 - 70 = -4*l, 0 = 2*g - 2. Let y = l - 14. Calculate the remainder when y is divided by 5.
3
Suppose 7 = -5*c + 22. What is the remainder when (1/c)/(7/798) is divided by 13?
12
Suppose 2 = 4*s - 3*s. Suppose 0 = 5*f + l - 221, 3*l - 10 + 112 = s*f. Let n = -3 - -19. Calculate the remainder when f is divided by n.
13
Let p(x) = -7*x - 2 + 0*x - 3*x. Calculate the remainder when p(-4) is divided by 13.
12
Let a(p) = 0*p - 4 + 0*p - 3*p**2 + 2*p**3 + 3*p - p**3. Suppose 5*y - 35 = 5*f, -2*y + y + 3*f = -7. What is the remainder when y is divided by a(3)?
2
Suppose r - 2*n + 6 = 0, 0 = -3*n + 2 + 7. Suppose 2*g - 3*g + 45 = r. What is the remainder when g is divided by 12?
9
Suppose 0 = r - 4*b + 5 - 26, 3*b = 2*r - 22. What is the remainder when 22 is divided by r?
2
Let o(r) = -2*r - 44. Calculate the remainder when 27 is divided by o(-26).
3
Suppose -f + 120 = -4*f. Let x = -24 - f. What is the remainder when x is divided by 6?
4
Let l be -3*2/9*-21. Suppose -h + 0 = -l. What is the remainder when 39 is divided by h?
11
Let a(m) = 5*m**2 - 4*m - 1. Calculate the remainder when a(3) is divided by 17.
15
Let i be ((-3)/(-6))/(2/(-64)). What is the remainder when (-1 + i/(-12))*78 is divided by 14?
12
Let h(i) = i**3 - 4*i**2 - 6*i - 4. Suppose 4*z = 2*z + 28. Let j = z + -8. What is the remainder when h(j) is divided by 11?
10
Let y = 14 + -26. Calculate the remainder when 21 is divided by y/30 + 84/10.
5
Suppose -6 = -5*l + x, -3*l - x + 14 = x. Suppose 0 = -2*u + u + 2. What is the remainder when u is divided by l?
0
Let d(w) = w**2 + 6*w + 3. Let j = 16 - 24. Suppose c - 92 = -5*o + 94, -2*o + 78 = 4*c. What is the remainder when o is divided by d(j)?
18
Let g(a) = a - 3. Suppose 3*f - 2*f = 6. Let q = f - 4. What is the remainder when g(6) is divided by q?
1
Let l(j) = j**2 + 11*j + 13. Let c be l(-10). Suppose -4*a = -d - 0 - 115, 0 = c*a - 3*d - 93. What is the remainder when a is divided by 10?
8
Let r = 19 - 1. What is the remainder when -2 - 3/(12/(-220)) is divided by r?
17
Suppose 25 = -3*i - 14. Let v = 39 + -25. Calculate the remainder when 1 - (0 - -2)*i is divided by v.
13
Let v(i) = -i**2 - 6*i - 8. Let o be v(-6). Let z = -6 - o. Let l = z - -6. Calculate the remainder when l is divided by 5.
3
Calculate the remainder when (-368)/(-12) + 2/(-3) is divided by 16.
14
Let q(d) = 3*d**2 - 9. Calculate the remainder when 52 is divided by q(3).
16
Calculate the remainder when (-21)/35 + (-556)/(-10) is divided by 17.
4
Suppose -2*q + 4*q = 6. Suppose -3 = -k + q. What is the remainder when k is divided by 2?
0
Suppose 32*z - 35*z = -123. What is the remainder when z is divided by 65/3 + 6/(-9)?
20
Let m = 8 - 6. Suppose -m*p = -4*f - 38, f + 4*f - p + 43 = 0. Let t = 3 - f. Calculate the remainder when 32 is divided by t.
10
Let t = 6 - 5. Suppose -4*m + 7 + t = 0. Suppose 9 = m*k - i, -2 = k - 2*i - 8. Calculate the remainder when 13 is divided by k.
1
Suppose -5*x + 5*l = -151 - 464, 5*x - 615 = -4*l. What is the remainder when x is divided by 14?
11
Let t = -7 - -19. Let c(l) = -l + 1. Let d be c(-4). Suppose 4*k - d = 87. What is the remainder when k is divided by t?
11
Let d(f) = -f**2 + 16*f + 4. What is the remainder when d(14) is divided by 17?
15
Let w(y) = 2*y**2 + 4*y - 1. Suppose -4*p + 0*p + 8 = 0. Suppose -p*o = o - 9. What is the remainder when w(-3) is divided by o?
2
Suppose -5*m - 4*u = -382, -2*u + 222 = 3*m - 8. Calculate the remainder when m is divided by 10.
8
Let k(r) = r*